{"id":25,"date":"2025-08-31T15:27:36","date_gmt":"2025-08-31T15:27:36","guid":{"rendered":"http:\/\/latavernoise.fr\/?page_id=25"},"modified":"2025-12-11T19:14:24","modified_gmt":"2025-12-11T19:14:24","slug":"contact-4","status":"publish","type":"page","link":"http:\/\/latavernoise.fr\/index.php\/contact-4\/","title":{"rendered":"Contact"},"content":{"rendered":"\n<div class=\"wp-block-group has-global-padding is-layout-constrained wp-block-group-is-layout-constrained\">\n<div class=\"wp-block-columns are-vertically-aligned-top is-layout-flex wp-container-core-columns-is-layout-d7d455e7 wp-block-columns-is-layout-flex\" style=\"padding-top:0;padding-right:0;padding-bottom:0;padding-left:0\">\n<div class=\"wp-block-column is-vertically-aligned-top is-layout-flow wp-block-column-is-layout-flow\" style=\"padding-right:7%;flex-basis:50%\">\n<h2 class=\"wp-block-heading has-text-color\" style=\"color:#0bb4aa\"><mark style=\"background-color:rgba(0, 0, 0, 0)\" class=\"has-inline-color has-primary-color\">Restez Connect\u00e9s!<\/mark><\/h2>\n\n\n\n<h4 class=\"wp-block-heading has-medium-font-size\"><mark style=\"background-color:rgba(0, 0, 0, 0)\" class=\"has-inline-color has-tertiary-color\">Toutes les infos sont sur ce site<\/mark><\/h4>\n\n\n\n<p><strong>La Tavernoise :<\/strong> <\/p>\n\n\n\n<ul class=\"wp-block-list\">\n<li>&#8220;<mark style=\"background-color:rgba(0, 0, 0, 0)\" class=\"has-inline-color has-secondary-color\"><strong>Le Trail des fours \u00e0 chaux<\/strong><\/mark>&#8221; 11,350 kms 200 D+<\/li>\n\n\n\n<li>&#8220;<mark style=\"background-color:rgba(0, 0, 0, 0);color:#fb0cb7\" class=\"has-inline-color\"><strong>Le petit Trail des vignes<\/strong><\/mark>&#8221; 5 kms d\u00e9nivel\u00e9 0<\/li>\n\n\n\n<li>&#8220;<mark style=\"background-color:rgba(0, 0, 0, 0);color:#fd3737\" class=\"has-inline-color\"><strong>Le parcours Nature<\/strong><\/mark>&#8221; 3kms pour les benjamins<\/li>\n\n\n\n<li>&#8220;<mark style=\"background-color:rgba(0, 0, 0, 0);color:#1a04f9\" class=\"has-inline-color\"><strong>Course enfants<\/strong><\/mark>&#8221; de 400 \u00e0 800 m, de mini poussins \u00e0 poussins<\/li>\n\n\n\n<li>&#8220;<mark style=\"background-color:rgba(0, 0, 0, 0);color:#f77907\" class=\"has-inline-color\"><strong>Course sports adapt\u00e9s<\/strong><\/mark>&#8220;<br><\/li>\n<\/ul>\n<\/div>\n<\/div>\n<\/div>\n\n\n\n<hr class=\"wp-block-separator has-alpha-channel-opacity\"\/>\n\n\n\n<div class=\"wp-block-group alignfull has-global-padding is-layout-constrained wp-container-core-group-is-layout-19e250f3 wp-block-group-is-layout-constrained\">\n<div class=\"wp-block-columns are-vertically-aligned-center is-layout-flex wp-container-core-columns-is-layout-28f84493 wp-block-columns-is-layout-flex\">\n<div class=\"wp-block-column is-vertically-aligned-center is-layout-flow wp-block-column-is-layout-flow\" style=\"flex-basis:100%\">\n<div class=\"wp-block-group alignfull has-global-padding is-layout-constrained wp-block-group-is-layout-constrained\">\n<div class=\"wp-block-columns alignfull are-vertically-aligned-center has-light-background-background-color has-background is-layout-flex wp-container-core-columns-is-layout-dd282781 wp-block-columns-is-layout-flex\" style=\"padding-top:0;padding-right:0;padding-bottom:0;padding-left:0\">\n<div class=\"wp-block-column is-vertically-aligned-center map-grayscale is-layout-flow wp-block-column-is-layout-flow\" style=\"flex-basis:50%\">\n<figure class=\"wp-block-image size-large\"><img fetchpriority=\"high\" decoding=\"async\" width=\"1024\" height=\"682\" src=\"http:\/\/latavernoise.fr\/wp-content\/uploads\/2025\/10\/trail-la-tavernoise-6-1024x682.jpeg\" alt=\"\" class=\"wp-image-298\" srcset=\"http:\/\/latavernoise.fr\/wp-content\/uploads\/2025\/10\/trail-la-tavernoise-6-1024x682.jpeg 1024w, http:\/\/latavernoise.fr\/wp-content\/uploads\/2025\/10\/trail-la-tavernoise-6-300x200.jpeg 300w, http:\/\/latavernoise.fr\/wp-content\/uploads\/2025\/10\/trail-la-tavernoise-6.jpeg 1772w\" sizes=\"(max-width: 1024px) 100vw, 1024px\" \/><\/figure>\n<\/div>\n\n\n\n<div class=\"wp-block-column is-vertically-aligned-center is-layout-flow wp-block-column-is-layout-flow\" style=\"padding-top:var(--wp--preset--spacing--small);padding-right:var(--wp--preset--spacing--small);padding-bottom:var(--wp--preset--spacing--small);padding-left:2%;flex-basis:50%\">\n<h3 class=\"wp-block-heading has-large-font-size\">La Tavernoise<\/h3>\n\n\n\n<p><\/p>\n\n\n\n<h3 class=\"wp-block-heading\"><strong>Adress<\/strong>e<\/h3>\n\n\n\n<p>Ribaute les Tavernes<\/p>\n\n\n\n<h3 class=\"wp-block-heading\"><strong>Email<\/strong><\/h3>\n\n\n\n<p><\/p>\n\n\n\n<h3 class=\"wp-block-heading\"><strong>T\u00e9l\u00e9phone<\/strong><\/h3>\n\n\n\n<p>06 79 48 47 96<\/p>\n<\/div>\n<\/div>\n<\/div>\n<\/div>\n<\/div>\n<\/div>\n\n\n\n<hr class=\"wp-block-separator has-alpha-channel-opacity\"\/>\n\n\n\n<div class=\"wp-block-group is-layout-flow wp-block-group-is-layout-flow\">\n<div class=\"wp-block-group is-layout-flow wp-block-group-is-layout-flow\">\n<div class=\"wp-block-columns is-layout-flex wp-container-core-columns-is-layout-28f84493 wp-block-columns-is-layout-flex\">\n<div class=\"wp-block-column is-layout-flow wp-block-column-is-layout-flow\">\n<h2 class=\"wp-block-heading has-text-align-left has-text-color\" style=\"color:#0bb4aa\"><mark style=\"background-color:rgba(0, 0, 0, 0)\" class=\"has-inline-color has-tertiary-color\">O\u00f9 sommes-nous?<\/mark><\/h2>\n\n\n\n<h2 class=\"wp-block-heading has-text-align-left has-large-font-size\">Ribaute les Tavernes<\/h2>\n\n\n\n<div class=\"wp-block-columns is-layout-flex wp-container-core-columns-is-layout-28f84493 wp-block-columns-is-layout-flex\">\n<div class=\"wp-block-column is-layout-flow wp-block-column-is-layout-flow\">\n<blockquote class=\"wp-block-quote is-layout-flow wp-block-quote-is-layout-flow\">\n<p><em>M\u00eame le dernier d&#8217;une course est devant ceux qui ne courent pas.<\/em><\/p>\n<\/blockquote>\n<\/div>\n\n\n\n<div class=\"wp-block-column is-layout-flow wp-block-column-is-layout-flow\"><\/div>\n<\/div>\n<\/div>\n\n\n\n<div class=\"wp-block-column is-layout-flow wp-block-column-is-layout-flow\">\n<figure class=\"wp-block-image size-large\"><img decoding=\"async\" width=\"1024\" height=\"585\" src=\"http:\/\/latavernoise.fr\/wp-content\/uploads\/2025\/09\/map-1024x585.png\" alt=\"\" class=\"wp-image-108\" srcset=\"http:\/\/latavernoise.fr\/wp-content\/uploads\/2025\/09\/map-1024x585.png 1024w, http:\/\/latavernoise.fr\/wp-content\/uploads\/2025\/09\/map-300x171.png 300w, http:\/\/latavernoise.fr\/wp-content\/uploads\/2025\/09\/map.png 1141w\" sizes=\"(max-width: 1024px) 100vw, 1024px\" \/><\/figure>\n<\/div>\n<\/div>\n<\/div>\n<\/div>\n\n\n\n<p><\/p>\n","protected":false},"excerpt":{"rendered":"<p>Restez Connect\u00e9s! Toutes les infos sont sur ce site La Tavernoise : La Tavernoise Adresse Ribaute les Tavernes Email T\u00e9l\u00e9phone 06 79 48 47 96 O\u00f9 sommes-nous? Ribaute les Tavernes M\u00eame le dernier d&#8217;une course est devant ceux qui ne courent pas.<\/p>\n","protected":false},"author":1,"featured_media":58,"parent":0,"menu_order":0,"comment_status":"closed","ping_status":"closed","template":"","meta":{"footnotes":""},"class_list":["post-25","page","type-page","status-publish","has-post-thumbnail","hentry"],"_links":{"self":[{"href":"http:\/\/latavernoise.fr\/index.php\/wp-json\/wp\/v2\/pages\/25","targetHints":{"allow":["GET"]}}],"collection":[{"href":"http:\/\/latavernoise.fr\/index.php\/wp-json\/wp\/v2\/pages"}],"about":[{"href":"http:\/\/latavernoise.fr\/index.php\/wp-json\/wp\/v2\/types\/page"}],"author":[{"embeddable":true,"href":"http:\/\/latavernoise.fr\/index.php\/wp-json\/wp\/v2\/users\/1"}],"replies":[{"embeddable":true,"href":"http:\/\/latavernoise.fr\/index.php\/wp-json\/wp\/v2\/comments?post=25"}],"version-history":[{"count":19,"href":"http:\/\/latavernoise.fr\/index.php\/wp-json\/wp\/v2\/pages\/25\/revisions"}],"predecessor-version":[{"id":458,"href":"http:\/\/latavernoise.fr\/index.php\/wp-json\/wp\/v2\/pages\/25\/revisions\/458"}],"wp:featuredmedia":[{"embeddable":true,"href":"http:\/\/latavernoise.fr\/index.php\/wp-json\/wp\/v2\/media\/58"}],"wp:attachment":[{"href":"http:\/\/latavernoise.fr\/index.php\/wp-json\/wp\/v2\/media?parent=25"}],"curies":[{"name":"wp","href":"https:\/\/api.w.org\/{rel}","templated":true}]}}